atest common divisor of o and 130?
65
Let l = -66 + 68. Suppose f = -f + l*y - 22, -5*f - 79 = y. Let s be (162/f)/((9 + -5)/(-20)). What is the greatest common factor of 18 and s?
18
Suppose 3*m = -5*w - 12 + 38, 0 = -4*m + 5*w - 12. Suppose -m*z + 93 = -259. What is the greatest common divisor of z and 16?
16
Let x be (-18 - -24 - -18947) + 1*7. What is the greatest common factor of x and 15?
15
Suppose 0 = 4*q + 560*z - 558*z - 10644, 2657 = q + z. Calculate the greatest common divisor of 3280 and q.
205
Let k be (-35)/315 + (-47026)/(-9). What is the greatest common divisor of 209 and k?
209
Suppose 0 = -20*u + 2705 - 725. Suppose -19*x = -16*x - u. Suppose -p + 5*d - 8 = -2*p, 0 = -4*p - 5*d + 17. Calculate the greatest common divisor of x and p.
3
Let h be 1*(-5 + -2) - -1. Let u be (-1)/h - 2/12. Suppose -q - 68 = -5*q + 4*w, u = -5*w - 25. What is the greatest common divisor of q and 108?
12
Let z(k) = -k**3 + 11*k**2 + 30*k - 19. Let w be z(13). Suppose -t + 48 = w. Calculate the greatest common factor of t and 3.
3
Let z(f) = 5*f + 142. Let p be 112/21*(-12)/4. Let a be z(p). What is the highest common factor of 403 and a?
31
Let q be 3/(7/((-14)/(-3))). Let n be 29 + (2 + q)/1. Let r = 205 - 194. Calculate the greatest common divisor of n and r.
11
Let u(y) = -9*y**2 - 742*y - 25. Let h be u(-72). Calculate the greatest common factor of h and 11.
11
Let w(r) = r**3 - 10*r**2 + 13. Let u be w(10). Let d = 182 + -175. Suppose d*h = 166 + 107. What is the highest common factor of u and h?
13
Let i be 648/5 + 4/10. Suppose -50*p + 14456 = 506*p. What is the highest common factor of p and i?
26
Suppose -4*x = -4*h - 6012, 708*x + 5*h - 1485 = 707*x. Calculate the highest common divisor of x and 24.
12
Suppose 4*p - 178 = -5*s, 4*s + 72 = 5*p + 198. Suppose s - 90 = -8*c. Calculate the greatest common factor of 63 and c.
7
Let d(u) = -u**3 + 9*u**2 + 10*u + 2. Let v be d(10). Let j be (1 - 3)*(v + 4 + -20). What is the greatest common factor of 448 and j?
28
Let x be -1 + 2538/24 - (-2)/8. What is the highest common factor of x and 4305?
105
Suppose -x + 4*u = -30, 420*u = 2*x + 415*u - 60. Let i = -41 - -86. Calculate the highest common factor of i and x.
15
Let n = 888 + -233. What is the greatest common factor of n and 1179?
131
Let i be (117/(-10))/(4/130)*13712/(-2571). What is the highest common factor of 6 and i?
6
Suppose -27 - 9 = -4*c. Suppose -439 + 79 = -c*a. What is the highest common divisor of a and 64?
8
Suppose 39 = v - 8. Let s be ((-15)/45)/(2/(-378)). Let k = s + -16. What is the highest common divisor of k and v?
47
Let s = 1 - -3. Let g(r) = -r**2 - 9*r + 6. Let d = 41 - 48. Let c be g(d). Calculate the highest common factor of s and c.
4
Let x be (-48)/(-30)*265 + 14. Calculate the greatest common divisor of x and 2482.
146
Let b(o) = -6*o + 511. Let s be b(0). Let r be (5/((-45)/219))/(1/(-3)). What is the highest common divisor of r and s?
73
Let g = 15 - -8. Suppose h = -915 + 259. Let k = -633 - h. What is the greatest common divisor of g and k?
23
Let i = 560 + -511. Let n(w) = 3*w**3 - 8*w**2 + 4*w. Let v be n(3). What is the greatest common factor of v and i?
7
Let j = -346 - -360. Suppose j*t = 3*t + 55. Let u = 79 - 54. Calculate the greatest common divisor of t and u.
5
Suppose 5*r - 5*a = 50, 18 - 2 = 2*r - a. Calculate the greatest common factor of 23502 and r.
6
Suppose -30*t + 21437 = -11323. Calculate the highest common factor of 390 and t.
78
Let t = -9405 - -9520. Calculate the greatest common divisor of t and 805.
115
Let x(w) = 40*w**2 - 21*w + 18. Let d be x(-7). Suppose 2*o - d = -1983. What is the greatest common divisor of 923 and o?
71
Suppose -35 = -5*k + 34*r - 39*r, 0 = 4*k - 2*r - 22. What is the highest common factor of k and 2217?
3
Let q(j) = j**3 - 3*j**2 - 13*j + 231. Let r be q(5). Let v be 4/(-2)*(-27)/2. What is the highest common divisor of v and r?
27
Let n(z) = z**3 + 29*z**2 + 25*z + 60. Let v be n(-28). What is the highest common divisor of v and 4176?
144
Let d be 9/10*6 + 2/(-5). Suppose -d*t + 35 = 10. Suppose -2*r + 22 = 2*f, f - 46 = -3*f - t*r. Calculate the highest common factor of f and 9.
9
Let p(q) = -q**2 + 25*q + 156. Let c be p(-5). Let n be 3 + (1*98 - -1). Let y = n - 54. Calculate the greatest common divisor of y and c.
6
Let x(d) = 7*d - 21. Let n be x(13). Suppose 10 + n = 8*b. Suppose 12*q = -11*q + 920. What is the greatest common divisor of b and q?
10
Let d(k) = 58*k**2 - 20*k**2 + 19*k - 142 - 18*k**2 - 19*k**2. Let o be d(7). What is the greatest common divisor of 1160 and o?
40
Let y = -14230 + 15475. Calculate the greatest common factor of 60 and y.
15
Let f(t) = 5*t + 43. Let a be f(3). Calculate the highest common divisor of 3335 and a.
29
Let k(i) = -i**3 - 6*i**2 + 7. Let b be k(-6). Suppose b*s = 3*s + s. Suppose s = -17*y + 10*y + 385. What is the greatest common divisor of 22 and y?
11
Suppose 232352 + 16213 + 77019 = 228*z. Calculate the highest common factor of z and 28.
28
Suppose 2*t + 4*i + i - 103 = 0, -3*t + i + 197 = 0. Suppose -3*b + 5848 = 7*z, -903*z + 898*z + 4128 = -4*b. Calculate the highest common divisor of t and z.
64
Suppose 15*r = 7*r + 16. Suppose -3*u + r = -10. Suppose 2*l = -4, -46 = -4*j + u*l - 6. What is the highest common divisor of j and 32?
8
Suppose -5746 = -29*h + 12*h. Suppose 4*g - 438 = 2*j, -5*g + h = -j - 205. What is the highest common divisor of 144 and g?
36
Suppose -y = -2*r - 2*r - 20, -y + 34 = 3*r. Suppose 5*w + v - 631 = 0, -4*w + 0*v = 3*v - 507. Calculate the greatest common divisor of y and w.
14
Let v(u) = -1240*u - 19482. Let r be v(-17). Calculate the greatest common factor of 34 and r.
34
Let k(b) = -b**3 - 141*b**2 - 613*b - 22. Let q be k(-137). What is the greatest common divisor of q and 1128?
141
Suppose 3*y - 70 = -2*y. Let s be (-15)/(2550/(-782))*70. Calculate the highest common factor of s and y.
14
Suppose 2*a + 5*c = 18, -a - 4*c = 7 - 19. Let o(l) = -2*l**2 + 12*l - 14. Let q be o(a). Calculate the greatest common divisor of 22 and q.
2
Suppose -78 = -2*m - 12. Suppose -u + 60 = 9*u. Let n be (((-12)/4)/u)/(14/(-84)). What is the greatest common factor of n and m?
3
Let w(b) = b**3 - 16*b**2 + 57*b + 28. Let c be w(11). What is the highest common divisor of 110 and c?
10
Let n = 42 + -49. Let h(l) = -105*l - 12. Let k be h(n). Suppose 4*b = 509 + k. What is the highest common factor of 44 and b?
44
Let k be (-138)/(-4) + (-2)/(-4). Let t(a) = -a**3 + 6*a**2 + 7*a + 7. Let x be (6 + 5)/1 + -4. Let u be t(x). What is the highest common divisor of k and u?
7
Let z be 3 + -2 + 0 - (-2 - -1). Let k be (-19282)/(-961) - 4/62. What is the highest common divisor of k and z?
2
Suppose -23*g + 31*g = 176. Let f be (-4)/g + 3*(-4240)/(-264). Suppose -5*o - 2*i = -8, 0*i = 5*o + i - 9. Calculate the highest common divisor of o and f.
2
Suppose 5*k - 5*c - 436 - 179 = 0, 4*k = -3*c + 520. Suppose k*y + 738 = 128*y. What is the greatest common factor of 36 and y?
18
Let o(q) = -2 + 5 + q + 5. Let d be o(-3). Suppose -178 = -2*s + d*t, -4*s + 5*t + 342 = 2*t. Calculate the highest common divisor of s and 12.
12
Let j be -4 - (5/(-5) - 3776). Let w be j/49*(2 - 0). Let t = -4 + 26. Calculate the highest common factor of t and w.
22
Let k(d) = -3*d**2 + 236*d + 465. Let i be k(79). Calculate the highest common factor of 6 and i.
2
Suppose -413 = -5*a - 3*z, a + 5*z + 190 = 3*a. Let w = -2838 + 2853. What is the greatest common factor of w and a?
5
Let u be 30/(-165) + 1 + (-228)/(-44). Calculate the highest common factor of 678 and u.
6
Suppose 4*h = 4*f + 736, -3*f = -8*f + 5. Calculate the greatest common factor of 925 and h.
185
Let w = -15529 + 19141. What is the greatest common divisor of w and 946?
86
Let h = -18722 - -18724. What is the greatest common factor of 234 and h?
2
Suppose -23*h + 38*h = 1890. Calculate the greatest common factor of h and 18.
18
Suppose 4 = -4*a, f - 189 = -108*a + 112*a. Calculate the greatest common divisor of 1369 and f.
37
Suppose -239*t + 237*t = 2*o - 3268, -1624 = -o + 4*t. Calculate the highest common factor of 12 and o.
12
Let r(s) = -s**3 + 20*s**2 - 2*s - 16. Let p be r(20). Let y = p + 76. What is the greatest common divisor of y and 2?
2
Let x be 